 9?
-20
-11 (base 7) to base 6
-12
What is 62 (base 11) in base 9?
75
-432 (base 8) to base 10
-282
What is -109 (base 10) in base 11?
-9a
Convert 2 (base 5) to base 6.
2
32 (base 13) to base 16
29
What is -5 (base 8) in base 6?
-5
42 (base 7) to base 12
26
Convert -72 (base 13) to base 7.
-162
Convert 2 (base 8) to base 7.
2
What is 12121 (base 3) in base 14?
ab
What is c (base 14) in base 4?
30
4 (base 12) to base 13
4
1 (base 8) to base 16
1
35 (base 13) to base 12
38
-13 (base 8) to base 14
-b
Convert -15 (base 10) to base 4.
-33
0 (base 8) to base 2
0
61 (base 7) to base 13
34
1 (base 11) to base 15
1
Convert -52 (base 16) to base 3.
-10001
Convert 137 (base 10) to base 16.
89
Convert -2 (base 9) to base 7.
-2
Convert -1041 (base 6) to base 3.
-22221
What is 2 (base 8) in base 5?
2
What is -6 (base 7) in base 12?
-6
What is 14 (base 5) in base 6?
13
Convert 20 (base 8) to base 9.
17
412 (base 5) to base 8
153
4 (base 8) to base 7
4
Convert 112 (base 3) to base 9.
15
What is -23 (base 9) in base 10?
-21
2 (base 3) to base 7
2
What is -11 (base 14) in base 2?
-1111
-111 (base 2) to base 16
-7
What is -64 (base 14) in base 16?
-58
What is -14 (base 14) in base 16?
-12
Convert -11 (base 11) to base 13.
-c
What is 0 (base 5) in base 13?
0
-91 (base 15) to base 8
-210
Convert -111110 (base 2) to base 14.
-46
10 (base 3) to base 7
3
Convert -1 (base 13) to base 15.
-1
What is 2 (base 3) in base 6?
2
What is 10011001 (base 2) in base 13?
ba
Convert 1322 (base 6) to base 11.
288
-32 (base 4) to base 7
-20
4 (base 11) to base 12
4
What is 6 (base 7) in base 6?
10
What is -4 (base 16) in base 11?
-4
Convert -6 (base 8) to base 7.
-6
Convert -4 (base 11) to base 12.
-4
Convert 4 (base 6) to base 5.
4
5 (base 15) to base 8
5
Convert 5 (base 7) to base 6.
5
1030 (base 4) to base 13
5b
What is 89 (base 14) in base 8?
171
Convert 23 (base 11) to base 4.
121
What is -54 (base 11) in base 13?
-47
53 (base 8) to base 13
34
What is -67 (base 9) in base 11?
-56
What is -b (base 16) in base 14?
-b
Convert 2a7 (base 11) to base 2.
101100111
-3 (base 6) to base 5
-3
Convert -5 (base 13) to base 9.
-5
What is -240 (base 6) in base 5?
-341
-3 (base 11) to base 3
-10
3a (base 12) to base 11
42
What is -86 (base 10) in base 11?
-79
24 (base 7) to base 12
16
What is 7 (base 15) in base 10?
7
What is 12112 (base 3) in base 7?
302
Convert -56 (base 10) to base 4.
-320
-4c (base 13) to base 9
-71
What is -36 (base 10) in base 12?
-30
1 (base 13) to base 3
1
Convert 5 (base 8) to base 13.
5
Convert -13 (base 5) to base 7.
-11
-1d (base 15) to base 3
-1001
6 (base 16) to base 2
110
What is -221 (base 4) in base 3?
-1112
Convert -101011 (base 2) to base 9.
-47
-b9 (base 13) to base 2
-10011000
-2 (base 16) to base 8
-2
Convert -6b (base 13) to base 10.
-89
Convert 1 (base 14) to base 12.
1
62 (base 7) to base 3
1122
What is -6 (base 16) in base 10?
-6
330 (base 5) to base 2
1011010
-3 (base 8) to base 16
-3
Convert -31 (base 8) to base 10.
-25
What is 103 (base 4) in base 7?
25
-2 (base 7) to base 6
-2
-8 (base 9) to base 10
-8
What is -14 (base 12) in base 15?
-11
What is -10222 (base 3) in base 8?
-153
What is -12 (base 15) in base 10?
-17
What is 1 (base 6) in base 14?
1
-6 (base 14) to base 9
-6
-11 (base 4) to base 13
-5
Convert 20 (base 15) to base 3.
1010
-42 (base 6) to base 9
-28
What is -2 (base 13) in base 10?
-2
What is 425 (base 9) in base 5?
2342
What is 244 (base 11) in base 2?
100100010
Convert -100 (base 2) to base 15.
-4
-21 (base 15) to base 8
-37
What is 1 (base 16) in base 3?
1
0 (base 8) to base 13
0
What is 100101 (base 2) in base 16?
25
What is -101020 (base 3) in base 16?
-114
What is -5 (base 14) in base 13?
-5
Convert -6a (base 15) to base 5.
-400
101 (base 5) to base 7
35
Convert 30 (base 13) to base 12.
33
0 (base 14) to base 12
0
Convert -6 (base 15) to base 8.
-6
-57 (base 10) to base 9
-63
Convert -28 (base 9) to base 5.
-101
Convert 10 (base 7) to base 12.
7
Convert 38 (base 16) to base 11.
51
Convert -195 (base 12) to base 7.
-515
Convert -21 (base 13) to base 4.
-123
Convert -8 (base 12) to base 4.
-20
Convert 2 (base 8) to base 11.
2
What is -184 (base 11) in base 2?
-11010101
-101 (base 3) to base 9
-11
What is -34 (base 12) in base 10?
-40
What is 1a (base 15) in base 8?
31
What is 10 (base 4) in base 16?
4
Convert 4 (base 6) to base 8.
4
-d (base 16) to base 9
-14
What is -3 (base 9) in base 3?
-10
Convert 112 (base 3) to base 11.
13
What is -111 (base 7) in base 8?
-71
Convert -2 (base 8) to base 13.
-2
What is 301 (base 5) in base 6?
204
-133 (base 8) to base 12
-77
What is -170 (base 13) in base 6?
-1112
Convert 301 (base 4) to base 9.
54
What is 53 (base 8) in base 6?
111
What is -9 (base 11) in base 8?
-11
-378 (base 9) to base 2
-100111010
What is 5 (base 12) in base 4?
11
Convert -12 (base 3) to base 14.
-5
Convert 1a (base 12) to base 7.
31
What is 46 (base 13) in base 15?
3d
-203 (base 4) to base 11
-32
-5 (base 6) to base 14
-5
What is -310 (base 5) in base 13?
-62
What is -2 (base 3) in base 9?
-2
What is -10 (base 12) in base 3?
-110
1 (base 11) to base 9
1
What is 13 (base 5) in base 10?
8
What is -1 (base 7) in base 14?
-1
What is 1b (base 12) in base 16?
17
What is -10110 (base 2) in base 8?
-26
Convert 301 (base 5) to base 6.
204
Convert 13 (base 11) to base 2.
1110
What is 251 (base 6) in base 4?
1213
What is 1000010 (base 2) in base 7?
123
What is -2 (base 11) in base 4?
-2
What is 8a (base 12) in base 15?
71
What is 4 (base 6) in base 14?
4
Convert -34 (base 6) to base 7.
-31
-2 (base 9) to base 11
-2
76 (base 14) to base 8
150
What is 17 (base 16) in base 2?
10111
Convert 69 (base 11) to base 9.
83
-301 (base 7) to base 12
-104
Convert 123 (base 5) to base 6.
102
What is 2 (base 10) in base 15?
2
Convert 16 (base 11) to base 7.
23
Convert -1 (base 14) to base 13.
-1
What is -e (base 15) in base 10?
-14
-54 (base 8) to base 11
-40
Convert 34 (base 5) to base 9.
21
1 (base 16) to base 11
1
37 (base 16) to base 6
131
What is -33 (base 14) in base 4?
-231
What is -10 (base 13) in base 6?
-21
What is 4 (base 12) in base 14?
4
3 (base 12) to base 5
3
What is -7 (base 12) in base 14?
-7
Convert -3 (base 10) to base 16.
-3
Convert 12 (base 7) to base 4.
21
Convert 3 (base 14) to base 12.
3
Convert 10202 (base 3) to base 10.
101
-12 (base 13) to base 7
-21
-1 (base 11) to base 16
-1
Convert -20 (base 13) to base 12.
-22
Convert 4 (base 13) to base 4.
10
-29 (base 14) to base 8
-45
Convert 6 (base 10) to base 11.
6
Convert -1 (base 16) to base 10.
-1
-1 (base 3) to base 14
-1
9 (base 11) to base 16
9
Convert 10 (base 11) to base 7.
14
-1111001 (base 2) to base 16
-79
What is 342 (base 5) in base 16?
61
Convert 47 (base 14) to base 5.
223
Convert 0 (base 11) to base 7.
0
a (base 13) to base 9
11
Convert -1 (base 15) to base 7.
-1
-110000 (base 2) to base 3
-1210
Convert 3 (base 5) to base 6.
3
11 (base 2) to base 3
10
-4 (base 10) to base 8
-4
Convert 5 (base 6) to base 2.
101
What is -5 (base 11) in base 3?
-12
1 (base 16) to base 11
1
Convert 0 (base 7) to base 13.
0
What is 21 (base 4) in base 7?
12
-42 (base 11) to base 4
-232
Convert 0 (base 14) to base 4.
0
What is 48 (base 15) in base 16?
44
Convert -215 (base 7) to base 15.
-75
-a9 (base 15) to base 8
-237
-153 (base 9) to base 12
-a9
What is 4 (base 14) in base 9?
4
Convert -100000 (base 2) to base 10.
-32
Convert -333 (base 4) to base 10.
-63
What is 120 (base 4) in base 12?
20
1010 (base 2) to base 12
a
-1c (base 16) to base 12
-24
-1011 (base 2) to base 8
-13
What is 11 (base 5) in base 12?
6
What is 0 (base 14) in base 7?
0
1 (base 9) to base 11
1
What is 19 (base 15) in base 14?
1a
1 (base 7) to base 10
1
What is 8 (base 13) in base 11?
8
What is -4 (base 6) in base 2?
-100
Convert -2 (base 10) to base 4.
-2
What is -3 (base 15) in base 9?
-3
0 (base 12) to base 6
0
-2 (base 11) to base 3
-2
Convert -8 (base 14) to base 12.
-8
-101 (base 3) to base 11
-a
What is 12 (base 5) in base 4?
13
2d (base 15) to base 4
223
-4 (base 6) to base 16
-4
30 (base 5) to base 11
14
41 (base 5) to base 13
18
Convert -3 (base 11) to base 14.
-3
What is -51 (base 13) in base 3?
-2110
What is 80 (base 12) in base 16?
60
c (base 14) to base 9
13
Convert 201 (base 3) to base 14.
